to base 13
4b4c
17743 (base 8) to base 5
230123
What is -102200 (base 3) in base 4?
-10323
-10a0c (base 15) to base 16
-ce97
What is 127 (base 12) in base 6?
451
What is -16a97 (base 11) in base 3?
-1012211210
-40356 (base 11) to base 10
-58988
Convert 31213101 (base 4) to base 10.
55761
Convert -504 (base 9) to base 8.
-631
9da (base 16) to base 4
213122
Convert 101101000111 (base 2) to base 11.
2195
Convert -155 (base 11) to base 13.
-10c
What is -664 (base 7) in base 10?
-340
Convert 4515 (base 6) to base 8.
2037
Convert 6822 (base 9) to base 13.
23ab
Convert -32251 (base 7) to base 2.
-1111101010111
Convert -9c (base 16) to base 6.
-420
What is b26 (base 14) in base 4?
202032
What is 10002002 (base 3) in base 12?
136b
217 (base 10) to base 7
430
What is 321 (base 15) in base 12?
4aa
Convert 332 (base 6) to base 11.
107
What is 0 (base 3) in base 5?
0
Convert 1605 (base 11) to base 5.
31222
-3003 (base 11) to base 13
-1a85
1616 (base 12) to base 5
40420
-14402 (base 5) to base 11
-a16
Convert -50 (base 15) to base 7.
-135
5445 (base 11) to base 6
53140
Convert -1973 (base 14) to base 16.
-1201
Convert 324 (base 7) to base 6.
433
What is -22172 (base 11) in base 9?
-48075
What is 10658 (base 13) in base 5?
1422043
42434 (base 5) to base 8
5465
Convert -1010220 (base 3) to base 13.
-4c2
What is -852 (base 9) in base 10?
-695
665 (base 8) to base 13
278
What is 900 (base 10) in base 12?
630
Convert 4703 (base 9) to base 7.
13110
-10110101100 (base 2) to base 14
-75a
212211 (base 3) to base 14
33d
Convert -182 (base 11) to base 5.
-1321
What is -2452 (base 6) in base 4?
-21200
c0b (base 13) to base 14
a59
1163 (base 7) to base 2
110110101
Convert 2451 (base 14) to base 15.
1d2d
Convert -24b (base 15) to base 9.
-638
5603 (base 9) to base 8
10046
Convert 2004 (base 5) to base 14.
142
What is -653 (base 12) in base 6?
-4143
What is -13811 (base 9) in base 4?
-2102332
What is 35592 (base 12) in base 13?
26819
Convert -212102 (base 3) to base 4.
-21320
-19880 (base 11) to base 8
-66034
1380 (base 15) to base 12
24b6
115115 (base 8) to base 11
27750
-430 (base 15) to base 12
-669
-15662 (base 7) to base 8
-10546
Convert -25134 (base 9) to base 6.
-210051
What is 511b (base 14) in base 16?
3675
Convert -424 (base 16) to base 6.
-4524
Convert 24287 (base 9) to base 7.
65314
1453 (base 7) to base 8
1101
620 (base 11) to base 6
3244
-850 (base 14) to base 3
-2020200
1103435 (base 6) to base 2
1101011111001111
-207 (base 16) to base 9
-636
Convert -110212 (base 3) to base 9.
-425
What is 142403 (base 7) in base 8?
65240
-17246 (base 11) to base 9
-36234
29 (base 15) to base 12
33
What is 110201010 (base 3) in base 4?
2100300
4023 (base 5) to base 8
1001
Convert 2660 (base 11) to base 3.
11201221
Convert 310313 (base 4) to base 2.
110100110111
Convert -17c (base 16) to base 13.
-233
Convert -12960 (base 13) to base 11.
-23a63
What is -303 (base 14) in base 12?
-413
What is -6637 (base 9) in base 6?
-34354
Convert 11130102 (base 4) to base 11.
15824
-8737 (base 9) to base 4
-1210201
What is 3442 (base 5) in base 10?
497
Convert -1001110111 (base 2) to base 11.
-524
29d (base 14) to base 6
2243
-321130 (base 6) to base 7
-136233
What is 114423 (base 8) in base 2?
1001100100010011
Convert -121001 (base 3) to base 15.
-1dd
What is 21000 (base 3) in base 6?
513
20b6 (base 16) to base 11
6323
45640 (base 10) to base 6
551144
-5247 (base 10) to base 13
-2508
What is 2244 (base 7) in base 15?
396
What is 1112200222 (base 3) in base 9?
45628
11406 (base 9) to base 10
7620
What is -4747 (base 11) in base 9?
-8473
Convert 115a (base 12) to base 16.
796
18358 (base 11) to base 8
62163
Convert -13241 (base 7) to base 15.
-10c2
Convert -8305 (base 9) to base 16.
-17c0
-484 (base 11) to base 16
-240
7473 (base 10) to base 2
1110100110001
What is -44213 (base 5) in base 7?
-11626
-25302 (base 8) to base 5
-322241
-603 (base 11) to base 12
-509
What is -793 (base 15) in base 9?
-2313
156700 (base 8) to base 2
1101110111000000
Convert -2031121 (base 4) to base 16.
-2359
Convert -189 (base 14) to base 3.
-102202
388 (base 9) to base 12
22b
What is 110021021 (base 3) in base 6?
105224
Convert 231411 (base 5) to base 12.
4a04
What is -12120211 (base 3) in base 2?
-111111101000
Convert 11001010 (base 2) to base 8.
312
What is 21001021 (base 3) in base 13?
2452
Convert 1303 (base 7) to base 4.
13231
-29a (base 16) to base 2
-1010011010
What is a61 (base 12) in base 16?
5e9
What is 11bb5 (base 13) in base 3?
1122221112
-323 (base 6) to base 5
-443
Convert 340222 (base 6) to base 5.
1403343
What is 461 (base 13) in base 15?
355
Convert -31324 (base 5) to base 12.
-1261
Convert -500121 (base 6) to base 7.
-221332
Convert -368 (base 12) to base 15.
-242
30201 (base 4) to base 16
321
What is -1251 (base 6) in base 12?
-227
Convert -31130 (base 4) to base 13.
-512
604d (base 14) to base 7
66126
200022 (base 3) to base 5
3434
What is 23556 (base 7) in base 14?
232d
What is -179 (base 16) in base 8?
-571
Convert 10302 (base 5) to base 7.
2022
What is -14905 (base 10) in base 13?
-6a27
Convert 1002212011 (base 3) to base 14.
7d0a
307 (base 9) to base 13
163
-14221 (base 5) to base 15
-541
Convert -30345 (base 7) to base 3.
-101010110
-14114 (base 5) to base 6
-5211
302322 (base 5) to base 6
112544
What is 569 (base 10) in base 2?
1000111001
32313 (base 5) to base 13
100b
Convert 10000000010101 (base 2) to base 14.
2dc9
What is 1346 (base 7) in base 14?
296
-1993 (base 13) to base 2
-111011111110
-20d (base 16) to base 5
-4100
What is 25b (base 13) in base 6?
1530
-a24 (base 12) to base 7
-4165
Convert -6b3 (base 13) to base 15.
-525
Convert 257a (base 14) to base 13.
2cbb
-389 (base 14) to base 13
-427
What is 31072 (base 8) in base 5?
402413
64 (base 10) to base 8
100
-2121110 (base 3) to base 9
-2543
293c (base 16) to base 5
314211
Convert -11134 (base 5) to base 12.
-562
What is -c1b6 (base 13) in base 6?
-323310
Convert 3052 (base 6) to base 14.
368
3463 (base 13) to base 16
1cb4
What is 1024412 (base 5) in base 8?
42112
What is -110111011100 (base 2) in base 14?
-1416
Convert -210021 (base 4) to base 13.
-108c
-338 (base 9) to base 2
-100010110
What is -4ba (base 16) in base 11?
-a00
What is c0c8 (base 15) in base 9?
61728
Convert 130402 (base 5) to base 11.
3919
-1140 (base 11) to base 9
-2042
What is -1120002 (base 3) in base 9?
-1502
-69b1 (base 14) to base 3
-221012212
Convert -19d4 (base 14) to base 10.
-4694
-542 (base 6) to base 14
-10a
What is -2352 (base 9) in base 11?
-134a
Convert -110013 (base 4) to base 7.
-3516
Convert -11365 (base 7) to base 6.
-21334
Convert -3207 (base 9) to base 14.
-c04
Convert -102001020 (base 3) to base 16.
-1f74
What is -4c3 (base 16) in base 8?
-2303
11211102210 (base 3) to base 8
271560
-19546 (base 11) to base 14
-9d23
-20d (base 15) to base 11
-391
-6ca (base 13) to base 16
-49c
Convert 1a43 (base 11) to base 14.
d2c
Convert 44153 (base 6) to base 3.
22101120
Convert -a44 (base 13) to base 8.
-3322
1023113 (base 5) to base 6
212003
Convert -1cb (base 15) to base 6.
-1532
Convert 4c0b (base 14) to base 10.
13339
5850 (base 13) to base 11
9355
Convert 61544 (base 7) to base 13.
6abb
What is 5368 (base 11) in base 7?
26451
What is -493 (base 12) in base 2?
-1010101111
-10010110000111 (base 2) to base 15
-2ca7
What is -2342 (base 10) in base 7?
-6554
280 (base 15) to base 2
1000111010
Convert -9053 (base 11) to base 9.
-17454
Convert 25515 (base 6) to base 3.
12022002
Convert -11101000000110 (base 2) to base 3.
-202101011
-149 (base 13) to base 14
-126
Convert 3916 (base 14) to base 13.
4736
Convert c315 (base 13) to base 8.
64411
What is -622 (base 7) in base 3?
-102111
Convert -a205 (base 14) to base 11.
-19a07
Convert 433401 (base 5) to base 14.
55ab
What is 20101221 (base 3) in base 14?
19b7
What is 10100111100 (base 2) in base 16?
53c
What is -111010122 (base 3) in base 15?
-2c85
1a7a1 (base 14) to base 12
32ba1
-221 (base 5) to base 12
-51
-101001010101101 (base 2) to base 11
-149a1
a455 (base 14) to base 8
67213
What is -220301 (base 4) in base 7?
-10415
-645 (base 12) to base 14
-497
Convert 20210010 (base 3) to base 2.
1001101010000
What is 242 (base 9) in base 5?
1300
What is -11230 (base 4) in base 2?
-101101100
What is 3030014